{"id":69,"date":"2023-05-28T20:18:40","date_gmt":"2023-05-28T20:18:40","guid":{"rendered":"https:\/\/ursulinenkongregation.de\/?page_id=69"},"modified":"2023-06-01T09:15:09","modified_gmt":"2023-06-01T09:15:09","slug":"schwester-blandine","status":"publish","type":"page","link":"https:\/\/ursulinenkongregation.de\/?page_id=69","title":{"rendered":"Schwester Blandine"},"content":{"rendered":"<div class=\"wp-block-image\">\n<figure class=\"alignleft size-full\"><img loading=\"lazy\" decoding=\"async\" width=\"291\" height=\"411\" src=\"https:\/\/ursulinenkongregation.de\/wp-content\/uploads\/2023\/05\/image004.jpg\" alt=\"\" class=\"wp-image-101\" srcset=\"https:\/\/ursulinenkongregation.de\/wp-content\/uploads\/2023\/05\/image004.jpg 291w, https:\/\/ursulinenkongregation.de\/wp-content\/uploads\/2023\/05\/image004-212x300.jpg 212w\" sizes=\"auto, (max-width: 291px) 100vw, 291px\" \/><\/figure>\n<\/div>\n\n\n<figure class=\"wp-block-table\"><table><tbody><tr><td>Maria Magdalena Merten wurde am 10. Juli 1883 in D\u00fcppenweiler (Saar) geboren. In der christlich gepr\u00e4gten Familie konnte das religi\u00f6se Leben des Kindes wachsen und sich entfalten.Als Volksschullehrerin trat sie mit 25 Jahren in den Orden der Ursulinen Calvarienberg-Ahrweiler ein. Schwester Blandine glaubte in der apostolisch t\u00e4tigen Ordensgemeinschaft das zu finden, was sie immer ersehnt und erstrebt hatte: sich ungeteilt Gott hinzugeben und Kindern und jungen Menschen bei ihrer gottgewollten Entfaltung zu helfen und sie zu einem christlichen Leben anzuleiten. Mit Eifer und kluger Besonnenheit, in Demut, mit geduldiger, doch strenger G\u00fcte widmete sich Schwester Blandine dieser Sendung. Sie selbst liebte es, unbekannt und unbeachtet zu sein, und war doch allen ein Vorbild.Nicht lange konnte sie im Orden t\u00e4tig sein.<br>Im Herbst 1916 zeigte sich bei ihr eine unheilbare Tuberkulose. Sie durchlitt die Krankheit in vollkommener Hingabe an den Willen Gottes, bis sie am 18. Mai 1918 im Kloster St. Bantus in Trier verstarb.<\/td><\/tr><tr><td colspan=\"2\">Im Geheimnis ihres glaubenstreuen Lebens liegt Schwester Blandines missionarische Sendung f\u00fcr heute. Sie tat nichts Au\u00dfergew\u00f6hnliches, aber das allt\u00e4glich Aufgegebene tat sie au\u00dfergew\u00f6hnlich gut. Als Lehrerin und Erzieherin, als Ordensfrau und als Mensch, der durch Krankheit und Leiden hindurch den Weg der Hoffnung weist und geht, ist sie ermutigendes Vorbild.Am 1. November 1987 wurde sie seliggesprochen.<\/td><\/tr><tr><td colspan=\"2\"><strong>Gebet:<\/strong><strong>Ewiger Gott, lenke unseren Sinn von den verg\u00e4nglichen Dingen auf das, was bleibt. Gib, dass wir nach dem Beispiel der seligen Blandine in aufrichtiger Liebe unsere Lebensaufgabe erf\u00fcllen und einst zur Anschauung deiner Herrlichkeit gelangen. Darum bitten wir durch Christus unseren Herrn. Amen<\/strong><\/td><\/tr><\/tbody><\/table><\/figure>\n\n\n\n<h6 class=\"wp-block-heading\" id=\"site-title\"><a href=\"https:\/\/blandinenarchiv.de\/\">Blandinenarchiv Ahrweiler<\/a><\/h6>\n\n\n\n<h2 class=\"wp-block-heading\" id=\"site-description\">Hier finden Sie weitere Informationen<\/h2>\n\n\n<div class=\"wp-block-image\">\n<figure class=\"aligncenter size-full is-resized\"><img decoding=\"async\" src=\"https:\/\/ursulinenkongregation.de\/wp-content\/uploads\/2023\/06\/wp-16856107968286969130891656556135-edited-1.jpg\" alt=\"\" class=\"wp-image-153\" width=\"178\" srcset=\"https:\/\/ursulinenkongregation.de\/wp-content\/uploads\/2023\/06\/wp-16856107968286969130891656556135-edited-1.jpg 712w, https:\/\/ursulinenkongregation.de\/wp-content\/uploads\/2023\/06\/wp-16856107968286969130891656556135-edited-1-300x300.jpg 300w, https:\/\/ursulinenkongregation.de\/wp-content\/uploads\/2023\/06\/wp-16856107968286969130891656556135-edited-1-150x150.jpg 150w\" sizes=\"(max-width: 712px) 100vw, 712px\" \/><\/figure>\n<\/div>","protected":false},"excerpt":{"rendered":"<p>Maria Magdalena Merten wurde am 10. Juli 1883 in D\u00fcppenweiler (Saar) geboren. In der christlich gepr\u00e4gten Familie konnte das religi\u00f6se Leben des Kindes wachsen und sich entfalten.Als Volksschullehrerin trat sie mit 25 Jahren in den Orden der Ursulinen Calvarienberg-Ahrweiler ein. &hellip; <a href=\"https:\/\/ursulinenkongregation.de\/?page_id=69\">Weiterlesen <span class=\"meta-nav\">&rarr;<\/span><\/a><\/p>\n","protected":false},"author":1,"featured_media":0,"parent":0,"menu_order":0,"comment_status":"closed","ping_status":"closed","template":"","meta":{"footnotes":""},"class_list":["post-69","page","type-page","status-publish","hentry"],"_links":{"self":[{"href":"https:\/\/ursulinenkongregation.de\/index.php?rest_route=\/wp\/v2\/pages\/69","targetHints":{"allow":["GET"]}}],"collection":[{"href":"https:\/\/ursulinenkongregation.de\/index.php?rest_route=\/wp\/v2\/pages"}],"about":[{"href":"https:\/\/ursulinenkongregation.de\/index.php?rest_route=\/wp\/v2\/types\/page"}],"author":[{"embeddable":true,"href":"https:\/\/ursulinenkongregation.de\/index.php?rest_route=\/wp\/v2\/users\/1"}],"replies":[{"embeddable":true,"href":"https:\/\/ursulinenkongregation.de\/index.php?rest_route=%2Fwp%2Fv2%2Fcomments&post=69"}],"version-history":[{"count":14,"href":"https:\/\/ursulinenkongregation.de\/index.php?rest_route=\/wp\/v2\/pages\/69\/revisions"}],"predecessor-version":[{"id":154,"href":"https:\/\/ursulinenkongregation.de\/index.php?rest_route=\/wp\/v2\/pages\/69\/revisions\/154"}],"wp:attachment":[{"href":"https:\/\/ursulinenkongregation.de\/index.php?rest_route=%2Fwp%2Fv2%2Fmedia&parent=69"}],"curies":[{"name":"wp","href":"https:\/\/api.w.org\/{rel}","templated":true}]}}