{"id":2,"date":"2023-05-28T10:02:46","date_gmt":"2023-05-28T10:02:46","guid":{"rendered":"https:\/\/ursulinenkongregation.de\/?page_id=2"},"modified":"2026-08-04T08:14:01","modified_gmt":"2026-08-04T08:14:01","slug":"sample-page","status":"publish","type":"page","link":"https:\/\/ursulinenkongregation.de\/?page_id=2","title":{"rendered":"Unsere Gemeinschaft"},"content":{"rendered":"\n<p class=\"wp-block-paragraph\">Wir sind eine katholische Ordensgemeinschaft, die seit dem 19. Jahrhundert eng mit dem Calvarienberg in Ahrweiler verbunden ist. Unsere Schwestern widmeten sich besonders der Bildung, Erziehung und Begleitung junger Menschen und gr\u00fcndeten von Ahrweiler aus weitere Niederlassungen, unter anderem in Trier, Aachen und Krefeld. Das Kloster auf dem Calvarienberg wurde 2017 geschlossen;, f\u00fcr die Schulen wurden Schulstiftungen gegr\u00fcndet die von uns  begleitet werden.<\/p>\n\n\n\n<p class=\"wp-block-paragraph\">Heute leben wir als eine Gemeinschaft an vier Standorten. <\/p>\n\n\n\n<p class=\"wp-block-paragraph\">Unser Apostolat  ist der Dienst am Menschen aus dem Geist der heiligen Angela Merici, <\/p>\n\n\n\n<p class=\"wp-block-paragraph\">Ein zentrales Merkmal unserer Kongregation ist die Gemeinschaft. Wir verstehen unser Ordensleben nicht nur als pers\u00f6nliches Glaubensleben, sondern als gemeinsames Unterwegssein im Geist der heiligen Angela Merici. Auch nach dem Verlassen Mutterhauses auf dem Calvarienberg in Ahrweiler bleiben wir Schwestern miteinander verbunden und gestalten unser Leben in gegenseitiger Unterst\u00fctzung, im Gebet und im Dienst an anderen Menschen. Gemeinschaft bedeutet f\u00fcr uns, Verantwortung zu teilen, einander zu st\u00e4rken und christliche Werte im Alltag sichtbar zu machen.<\/p>\n\n\n\n<figure class=\"wp-block-image\"><img decoding=\"async\" src=\"https:\/\/www.google.com\/s2\/favicons?domain=https:\/\/ursulinenkongregation.de&amp;sz=32\" alt=\"\"\/><\/figure>\n\n\n\n<figure class=\"wp-block-gallery has-nested-images columns-default is-cropped wp-block-gallery-1 is-layout-flex wp-block-gallery-is-layout-flex\">\n<figure class=\"wp-block-image size-large\"><img loading=\"lazy\" decoding=\"async\" width=\"220\" height=\"165\" data-id=\"8\" src=\"https:\/\/ursulinenkongregation.de\/wp-content\/uploads\/2023\/05\/220px-Margarethenhof_Ursulinenkloster.jpg\" alt=\"\" class=\"wp-image-8\"\/><figcaption class=\"wp-element-caption\">Trier Heiligkreuz<\/figcaption><\/figure>\n\n\n\n<figure class=\"wp-block-image size-large\"><a href=\"http:\/\/ursulinenkloster-ahrweiler.de\"><img loading=\"lazy\" decoding=\"async\" width=\"1024\" height=\"576\" data-id=\"10\" src=\"https:\/\/ursulinenkongregation.de\/wp-content\/uploads\/2023\/05\/2-1024x576.jpg\" alt=\"\" class=\"wp-image-10\" srcset=\"https:\/\/ursulinenkongregation.de\/wp-content\/uploads\/2023\/05\/2-1024x576.jpg 1024w, https:\/\/ursulinenkongregation.de\/wp-content\/uploads\/2023\/05\/2-300x169.jpg 300w, https:\/\/ursulinenkongregation.de\/wp-content\/uploads\/2023\/05\/2-768x432.jpg 768w, https:\/\/ursulinenkongregation.de\/wp-content\/uploads\/2023\/05\/2-1536x864.jpg 1536w, https:\/\/ursulinenkongregation.de\/wp-content\/uploads\/2023\/05\/2-2048x1152.jpg 2048w\" sizes=\"auto, (max-width: 1024px) 100vw, 1024px\" \/><\/a><figcaption class=\"wp-element-caption\">Ahrweiler Walporzheimer Stra\u00dfe<\/figcaption><\/figure>\n\n\n\n<figure class=\"wp-block-image size-large\"><img decoding=\"async\" data-id=\"9\" src=\"https:\/\/ursulinenkongregation.de\/wp-content\/uploads\/2023\/05\/Trier-Mutter-Rosa-Altenzentrum-Eingangshalle-Kapelle-Restaurant-Kat-Trier.jpg\" alt=\"\" class=\"wp-image-9\"\/><figcaption class=\"wp-element-caption\">Trier Engelstra\u00dfe<\/figcaption><\/figure>\n<\/figure>\n\n\n<div class=\"wp-block-image\">\n<figure class=\"aligncenter size-large is-resized\"><img loading=\"lazy\" decoding=\"async\" width=\"991\" height=\"1024\" src=\"https:\/\/ursulinenkongregation.de\/wp-content\/uploads\/2024\/10\/Blandine-Merten-Haus-991x1024.png\" alt=\"\" class=\"wp-image-234\" style=\"width:144px;height:auto\" srcset=\"https:\/\/ursulinenkongregation.de\/wp-content\/uploads\/2024\/10\/Blandine-Merten-Haus-991x1024.png 991w, https:\/\/ursulinenkongregation.de\/wp-content\/uploads\/2024\/10\/Blandine-Merten-Haus-290x300.png 290w, https:\/\/ursulinenkongregation.de\/wp-content\/uploads\/2024\/10\/Blandine-Merten-Haus-768x793.png 768w, https:\/\/ursulinenkongregation.de\/wp-content\/uploads\/2024\/10\/Blandine-Merten-Haus.png 1186w\" sizes=\"auto, (max-width: 991px) 100vw, 991px\" \/><\/figure>\n<\/div>\n\n\n<p class=\"wp-block-paragraph\">Regelm\u00e4\u00dfig treffen wir uns zu einem Kongregationstag in unserem Kloster in Trier-Heiligkreuz<\/p>\n\n\n\n<figure class=\"wp-block-gallery has-nested-images columns-default is-cropped wp-block-gallery-2 is-layout-flex wp-block-gallery-is-layout-flex\">\n<figure class=\"wp-block-image size-large\"><img loading=\"lazy\" decoding=\"async\" width=\"1024\" height=\"768\" data-id=\"479\" src=\"https:\/\/ursulinenkongregation.de\/wp-content\/uploads\/2026\/08\/IMG_7068-1024x768.jpg\" alt=\"\" class=\"wp-image-479\" srcset=\"https:\/\/ursulinenkongregation.de\/wp-content\/uploads\/2026\/08\/IMG_7068-1024x768.jpg 1024w, https:\/\/ursulinenkongregation.de\/wp-content\/uploads\/2026\/08\/IMG_7068-300x225.jpg 300w, https:\/\/ursulinenkongregation.de\/wp-content\/uploads\/2026\/08\/IMG_7068-768x576.jpg 768w, https:\/\/ursulinenkongregation.de\/wp-content\/uploads\/2026\/08\/IMG_7068-1536x1152.jpg 1536w, https:\/\/ursulinenkongregation.de\/wp-content\/uploads\/2026\/08\/IMG_7068-2048x1536.jpg 2048w, https:\/\/ursulinenkongregation.de\/wp-content\/uploads\/2026\/08\/IMG_7068-400x300.jpg 400w\" sizes=\"auto, (max-width: 1024px) 100vw, 1024px\" \/><\/figure>\n\n\n\n<figure class=\"wp-block-image size-large\"><img loading=\"lazy\" decoding=\"async\" width=\"1024\" height=\"768\" data-id=\"435\" src=\"https:\/\/ursulinenkongregation.de\/wp-content\/uploads\/2026\/08\/IMG_7011-1024x768.jpg\" alt=\"\" class=\"wp-image-435\" srcset=\"https:\/\/ursulinenkongregation.de\/wp-content\/uploads\/2026\/08\/IMG_7011-1024x768.jpg 1024w, https:\/\/ursulinenkongregation.de\/wp-content\/uploads\/2026\/08\/IMG_7011-300x225.jpg 300w, https:\/\/ursulinenkongregation.de\/wp-content\/uploads\/2026\/08\/IMG_7011-768x576.jpg 768w, https:\/\/ursulinenkongregation.de\/wp-content\/uploads\/2026\/08\/IMG_7011-1536x1152.jpg 1536w, https:\/\/ursulinenkongregation.de\/wp-content\/uploads\/2026\/08\/IMG_7011-2048x1536.jpg 2048w, https:\/\/ursulinenkongregation.de\/wp-content\/uploads\/2026\/08\/IMG_7011-400x300.jpg 400w\" sizes=\"auto, (max-width: 1024px) 100vw, 1024px\" \/><\/figure>\n\n\n\n<figure class=\"wp-block-image size-large\"><img loading=\"lazy\" decoding=\"async\" width=\"1024\" height=\"768\" data-id=\"439\" src=\"https:\/\/ursulinenkongregation.de\/wp-content\/uploads\/2026\/08\/IMG_7046-1024x768.jpg\" alt=\"\" class=\"wp-image-439\" srcset=\"https:\/\/ursulinenkongregation.de\/wp-content\/uploads\/2026\/08\/IMG_7046-1024x768.jpg 1024w, https:\/\/ursulinenkongregation.de\/wp-content\/uploads\/2026\/08\/IMG_7046-300x225.jpg 300w, https:\/\/ursulinenkongregation.de\/wp-content\/uploads\/2026\/08\/IMG_7046-768x576.jpg 768w, https:\/\/ursulinenkongregation.de\/wp-content\/uploads\/2026\/08\/IMG_7046-1536x1152.jpg 1536w, https:\/\/ursulinenkongregation.de\/wp-content\/uploads\/2026\/08\/IMG_7046-2048x1536.jpg 2048w, https:\/\/ursulinenkongregation.de\/wp-content\/uploads\/2026\/08\/IMG_7046-400x300.jpg 400w\" sizes=\"auto, (max-width: 1024px) 100vw, 1024px\" \/><\/figure>\n\n\n\n<figure class=\"wp-block-image size-large\"><img loading=\"lazy\" decoding=\"async\" width=\"1024\" height=\"768\" data-id=\"438\" src=\"https:\/\/ursulinenkongregation.de\/wp-content\/uploads\/2026\/08\/IMG_7036-1024x768.jpg\" alt=\"\" class=\"wp-image-438\" srcset=\"https:\/\/ursulinenkongregation.de\/wp-content\/uploads\/2026\/08\/IMG_7036-1024x768.jpg 1024w, https:\/\/ursulinenkongregation.de\/wp-content\/uploads\/2026\/08\/IMG_7036-300x225.jpg 300w, https:\/\/ursulinenkongregation.de\/wp-content\/uploads\/2026\/08\/IMG_7036-768x576.jpg 768w, https:\/\/ursulinenkongregation.de\/wp-content\/uploads\/2026\/08\/IMG_7036-1536x1152.jpg 1536w, https:\/\/ursulinenkongregation.de\/wp-content\/uploads\/2026\/08\/IMG_7036-2048x1536.jpg 2048w, https:\/\/ursulinenkongregation.de\/wp-content\/uploads\/2026\/08\/IMG_7036-400x300.jpg 400w\" sizes=\"auto, (max-width: 1024px) 100vw, 1024px\" \/><\/figure>\n\n\n\n<figure class=\"wp-block-image size-large\"><img loading=\"lazy\" decoding=\"async\" width=\"1024\" height=\"768\" data-id=\"429\" src=\"https:\/\/ursulinenkongregation.de\/wp-content\/uploads\/2026\/08\/IMG_6985-1024x768.jpg\" alt=\"\" class=\"wp-image-429\" srcset=\"https:\/\/ursulinenkongregation.de\/wp-content\/uploads\/2026\/08\/IMG_6985-1024x768.jpg 1024w, https:\/\/ursulinenkongregation.de\/wp-content\/uploads\/2026\/08\/IMG_6985-300x225.jpg 300w, https:\/\/ursulinenkongregation.de\/wp-content\/uploads\/2026\/08\/IMG_6985-768x576.jpg 768w, https:\/\/ursulinenkongregation.de\/wp-content\/uploads\/2026\/08\/IMG_6985-1536x1152.jpg 1536w, https:\/\/ursulinenkongregation.de\/wp-content\/uploads\/2026\/08\/IMG_6985-2048x1536.jpg 2048w, https:\/\/ursulinenkongregation.de\/wp-content\/uploads\/2026\/08\/IMG_6985-400x300.jpg 400w\" sizes=\"auto, (max-width: 1024px) 100vw, 1024px\" \/><\/figure>\n<\/figure>\n\n\n\n<p class=\"wp-block-paragraph\">Sr. Monika aus Trier besucht mit ihren Verwandten, die in Dernau wohnen, die Schwestern im Ahrweiler Ursulinenkloster<\/p>\n\n\n\n<figure class=\"wp-block-image size-large\"><img loading=\"lazy\" decoding=\"async\" width=\"1024\" height=\"685\" src=\"https:\/\/ursulinenkongregation.de\/wp-content\/uploads\/2026\/08\/IMG-20260802-WA0002-1-1024x685.jpg\" alt=\"\" class=\"wp-image-522\" srcset=\"https:\/\/ursulinenkongregation.de\/wp-content\/uploads\/2026\/08\/IMG-20260802-WA0002-1-1024x685.jpg 1024w, https:\/\/ursulinenkongregation.de\/wp-content\/uploads\/2026\/08\/IMG-20260802-WA0002-1-300x201.jpg 300w, https:\/\/ursulinenkongregation.de\/wp-content\/uploads\/2026\/08\/IMG-20260802-WA0002-1-768x514.jpg 768w, https:\/\/ursulinenkongregation.de\/wp-content\/uploads\/2026\/08\/IMG-20260802-WA0002-1-1536x1028.jpg 1536w, https:\/\/ursulinenkongregation.de\/wp-content\/uploads\/2026\/08\/IMG-20260802-WA0002-1-448x300.jpg 448w, https:\/\/ursulinenkongregation.de\/wp-content\/uploads\/2026\/08\/IMG-20260802-WA0002-1.jpg 2000w\" sizes=\"auto, (max-width: 1024px) 100vw, 1024px\" \/><\/figure>\n","protected":false},"excerpt":{"rendered":"<p>Wir sind eine katholische Ordensgemeinschaft, die seit dem 19. Jahrhundert eng mit dem Calvarienberg in Ahrweiler verbunden ist. Unsere Schwestern widmeten sich besonders der Bildung, Erziehung und Begleitung junger Menschen und gr\u00fcndeten von Ahrweiler aus weitere Niederlassungen, unter anderem in &hellip; <a href=\"https:\/\/ursulinenkongregation.de\/?page_id=2\">Weiterlesen <span class=\"meta-nav\">&rarr;<\/span><\/a><\/p>\n","protected":false},"author":1,"featured_media":0,"parent":0,"menu_order":0,"comment_status":"closed","ping_status":"open","template":"","meta":{"footnotes":""},"class_list":["post-2","page","type-page","status-publish","hentry"],"_links":{"self":[{"href":"https:\/\/ursulinenkongregation.de\/index.php?rest_route=\/wp\/v2\/pages\/2","targetHints":{"allow":["GET"]}}],"collection":[{"href":"https:\/\/ursulinenkongregation.de\/index.php?rest_route=\/wp\/v2\/pages"}],"about":[{"href":"https:\/\/ursulinenkongregation.de\/index.php?rest_route=\/wp\/v2\/types\/page"}],"author":[{"embeddable":true,"href":"https:\/\/ursulinenkongregation.de\/index.php?rest_route=\/wp\/v2\/users\/1"}],"replies":[{"embeddable":true,"href":"https:\/\/ursulinenkongregation.de\/index.php?rest_route=%2Fwp%2Fv2%2Fcomments&post=2"}],"version-history":[{"count":9,"href":"https:\/\/ursulinenkongregation.de\/index.php?rest_route=\/wp\/v2\/pages\/2\/revisions"}],"predecessor-version":[{"id":523,"href":"https:\/\/ursulinenkongregation.de\/index.php?rest_route=\/wp\/v2\/pages\/2\/revisions\/523"}],"wp:attachment":[{"href":"https:\/\/ursulinenkongregation.de\/index.php?rest_route=%2Fwp%2Fv2%2Fmedia&parent=2"}],"curies":[{"name":"wp","href":"https:\/\/api.w.org\/{rel}","templated":true}]}}

<p class="wp-block-paragraph">Wir sind eine katholische Ordensgemeinschaft, die seit dem 19. Jahrhundert eng mit dem Calvarienberg in Ahrweiler verbunden ist. Unsere Schwestern widmeten sich besonders der Bildung, Erziehung und Begleitung junger Menschen und gründeten von Ahrweiler aus weitere Niederlassungen, unter anderem in Trier, Aachen und Krefeld. Das Kloster auf dem Calvarienberg wurde 2017 geschlossen;, für die Schulen wurden Schulstiftungen gegründet die von uns  begleitet werden.</p>



<p class="wp-block-paragraph">Heute leben wir als eine Gemeinschaft an vier Standorten. </p>



<p class="wp-block-paragraph">Unser Apostolat  ist der Dienst am Menschen aus dem Geist der heiligen Angela Merici, </p>



<p class="wp-block-paragraph">Ein zentrales Merkmal unserer Kongregation ist die Gemeinschaft. Wir verstehen unser Ordensleben nicht nur als persönliches Glaubensleben, sondern als gemeinsames Unterwegssein im Geist der heiligen Angela Merici. Auch nach dem Verlassen Mutterhauses auf dem Calvarienberg in Ahrweiler bleiben wir Schwestern miteinander verbunden und gestalten unser Leben in gegenseitiger Unterstützung, im Gebet und im Dienst an anderen Menschen. Gemeinschaft bedeutet für uns, Verantwortung zu teilen, einander zu stärken und christliche Werte im Alltag sichtbar zu machen.</p>



<figure class="wp-block-image"><img decoding="async" src="https://www.google.com/s2/favicons?domain=https://ursulinenkongregation.de&amp;sz=32" alt=""/></figure>



<figure class="wp-block-gallery has-nested-images columns-default is-cropped wp-block-gallery-1 is-layout-flex wp-block-gallery-is-layout-flex">
<figure class="wp-block-image size-large"><img loading="lazy" decoding="async" width="220" height="165" data-id="8" src="https://ursulinenkongregation.de/wp-content/uploads/2023/05/220px-Margarethenhof_Ursulinenkloster.jpg" alt="" class="wp-image-8"/><figcaption class="wp-element-caption">Trier Heiligkreuz</figcaption></figure>



<figure class="wp-block-image size-large"><a href="http://ursulinenkloster-ahrweiler.de"><img loading="lazy" decoding="async" width="1024" height="576" data-id="10" src="https://ursulinenkongregation.de/wp-content/uploads/2023/05/2-1024x576.jpg" alt="" class="wp-image-10" srcset="https://ursulinenkongregation.de/wp-content/uploads/2023/05/2-1024x576.jpg 1024w, https://ursulinenkongregation.de/wp-content/uploads/2023/05/2-300x169.jpg 300w, https://ursulinenkongregation.de/wp-content/uploads/2023/05/2-768x432.jpg 768w, https://ursulinenkongregation.de/wp-content/uploads/2023/05/2-1536x864.jpg 1536w, https://ursulinenkongregation.de/wp-content/uploads/2023/05/2-2048x1152.jpg 2048w" sizes="auto, (max-width: 1024px) 100vw, 1024px" /></a><figcaption class="wp-element-caption">Ahrweiler Walporzheimer Straße</figcaption></figure>



<figure class="wp-block-image size-large"><img decoding="async" data-id="9" src="https://ursulinenkongregation.de/wp-content/uploads/2023/05/Trier-Mutter-Rosa-Altenzentrum-Eingangshalle-Kapelle-Restaurant-Kat-Trier.jpg" alt="" class="wp-image-9"/><figcaption class="wp-element-caption">Trier Engelstraße</figcaption></figure>
</figure>


<div class="wp-block-image">
<figure class="aligncenter size-large is-resized"><img loading="lazy" decoding="async" width="991" height="1024" src="https://ursulinenkongregation.de/wp-content/uploads/2024/10/Blandine-Merten-Haus-991x1024.png" alt="" class="wp-image-234" style="width:144px;height:auto" srcset="https://ursulinenkongregation.de/wp-content/uploads/2024/10/Blandine-Merten-Haus-991x1024.png 991w, https://ursulinenkongregation.de/wp-content/uploads/2024/10/Blandine-Merten-Haus-290x300.png 290w, https://ursulinenkongregation.de/wp-content/uploads/2024/10/Blandine-Merten-Haus-768x793.png 768w, https://ursulinenkongregation.de/wp-content/uploads/2024/10/Blandine-Merten-Haus.png 1186w" sizes="auto, (max-width: 991px) 100vw, 991px" /></figure>
</div>


<p class="wp-block-paragraph">Regelmäßig treffen wir uns zu einem Kongregationstag in unserem Kloster in Trier-Heiligkreuz</p>



<figure class="wp-block-gallery has-nested-images columns-default is-cropped wp-block-gallery-2 is-layout-flex wp-block-gallery-is-layout-flex">
<figure class="wp-block-image size-large"><img loading="lazy" decoding="async" width="1024" height="768" data-id="479" src="https://ursulinenkongregation.de/wp-content/uploads/2026/08/IMG_7068-1024x768.jpg" alt="" class="wp-image-479" srcset="https://ursulinenkongregation.de/wp-content/uploads/2026/08/IMG_7068-1024x768.jpg 1024w, https://ursulinenkongregation.de/wp-content/uploads/2026/08/IMG_7068-300x225.jpg 300w, https://ursulinenkongregation.de/wp-content/uploads/2026/08/IMG_7068-768x576.jpg 768w, https://ursulinenkongregation.de/wp-content/uploads/2026/08/IMG_7068-1536x1152.jpg 1536w, https://ursulinenkongregation.de/wp-content/uploads/2026/08/IMG_7068-2048x1536.jpg 2048w, https://ursulinenkongregation.de/wp-content/uploads/2026/08/IMG_7068-400x300.jpg 400w" sizes="auto, (max-width: 1024px) 100vw, 1024px" /></figure>



<figure class="wp-block-image size-large"><img loading="lazy" decoding="async" width="1024" height="768" data-id="435" src="https://ursulinenkongregation.de/wp-content/uploads/2026/08/IMG_7011-1024x768.jpg" alt="" class="wp-image-435" srcset="https://ursulinenkongregation.de/wp-content/uploads/2026/08/IMG_7011-1024x768.jpg 1024w, https://ursulinenkongregation.de/wp-content/uploads/2026/08/IMG_7011-300x225.jpg 300w, https://ursulinenkongregation.de/wp-content/uploads/2026/08/IMG_7011-768x576.jpg 768w, https://ursulinenkongregation.de/wp-content/uploads/2026/08/IMG_7011-1536x1152.jpg 1536w, https://ursulinenkongregation.de/wp-content/uploads/2026/08/IMG_7011-2048x1536.jpg 2048w, https://ursulinenkongregation.de/wp-content/uploads/2026/08/IMG_7011-400x300.jpg 400w" sizes="auto, (max-width: 1024px) 100vw, 1024px" /></figure>



<figure class="wp-block-image size-large"><img loading="lazy" decoding="async" width="1024" height="768" data-id="439" src="https://ursulinenkongregation.de/wp-content/uploads/2026/08/IMG_7046-1024x768.jpg" alt="" class="wp-image-439" srcset="https://ursulinenkongregation.de/wp-content/uploads/2026/08/IMG_7046-1024x768.jpg 1024w, https://ursulinenkongregation.de/wp-content/uploads/2026/08/IMG_7046-300x225.jpg 300w, https://ursulinenkongregation.de/wp-content/uploads/2026/08/IMG_7046-768x576.jpg 768w, https://ursulinenkongregation.de/wp-content/uploads/2026/08/IMG_7046-1536x1152.jpg 1536w, https://ursulinenkongregation.de/wp-content/uploads/2026/08/IMG_7046-2048x1536.jpg 2048w, https://ursulinenkongregation.de/wp-content/uploads/2026/08/IMG_7046-400x300.jpg 400w" sizes="auto, (max-width: 1024px) 100vw, 1024px" /></figure>



<figure class="wp-block-image size-large"><img loading="lazy" decoding="async" width="1024" height="768" data-id="438" src="https://ursulinenkongregation.de/wp-content/uploads/2026/08/IMG_7036-1024x768.jpg" alt="" class="wp-image-438" srcset="https://ursulinenkongregation.de/wp-content/uploads/2026/08/IMG_7036-1024x768.jpg 1024w, https://ursulinenkongregation.de/wp-content/uploads/2026/08/IMG_7036-300x225.jpg 300w, https://ursulinenkongregation.de/wp-content/uploads/2026/08/IMG_7036-768x576.jpg 768w, https://ursulinenkongregation.de/wp-content/uploads/2026/08/IMG_7036-1536x1152.jpg 1536w, https://ursulinenkongregation.de/wp-content/uploads/2026/08/IMG_7036-2048x1536.jpg 2048w, https://ursulinenkongregation.de/wp-content/uploads/2026/08/IMG_7036-400x300.jpg 400w" sizes="auto, (max-width: 1024px) 100vw, 1024px" /></figure>



<figure class="wp-block-image size-large"><img loading="lazy" decoding="async" width="1024" height="768" data-id="429" src="https://ursulinenkongregation.de/wp-content/uploads/2026/08/IMG_6985-1024x768.jpg" alt="" class="wp-image-429" srcset="https://ursulinenkongregation.de/wp-content/uploads/2026/08/IMG_6985-1024x768.jpg 1024w, https://ursulinenkongregation.de/wp-content/uploads/2026/08/IMG_6985-300x225.jpg 300w, https://ursulinenkongregation.de/wp-content/uploads/2026/08/IMG_6985-768x576.jpg 768w, https://ursulinenkongregation.de/wp-content/uploads/2026/08/IMG_6985-1536x1152.jpg 1536w, https://ursulinenkongregation.de/wp-content/uploads/2026/08/IMG_6985-2048x1536.jpg 2048w, https://ursulinenkongregation.de/wp-content/uploads/2026/08/IMG_6985-400x300.jpg 400w" sizes="auto, (max-width: 1024px) 100vw, 1024px" /></figure>
</figure>



<p class="wp-block-paragraph">Sr. Monika aus Trier besucht mit ihren Verwandten, die in Dernau wohnen, die Schwestern im Ahrweiler Ursulinenkloster</p>



<figure class="wp-block-image size-large"><img loading="lazy" decoding="async" width="1024" height="685" src="https://ursulinenkongregation.de/wp-content/uploads/2026/08/IMG-20260802-WA0002-1-1024x685.jpg" alt="" class="wp-image-522" srcset="https://ursulinenkongregation.de/wp-content/uploads/2026/08/IMG-20260802-WA0002-1-1024x685.jpg 1024w, https://ursulinenkongregation.de/wp-content/uploads/2026/08/IMG-20260802-WA0002-1-300x201.jpg 300w, https://ursulinenkongregation.de/wp-content/uploads/2026/08/IMG-20260802-WA0002-1-768x514.jpg 768w, https://ursulinenkongregation.de/wp-content/uploads/2026/08/IMG-20260802-WA0002-1-1536x1028.jpg 1536w, https://ursulinenkongregation.de/wp-content/uploads/2026/08/IMG-20260802-WA0002-1-448x300.jpg 448w, https://ursulinenkongregation.de/wp-content/uploads/2026/08/IMG-20260802-WA0002-1.jpg 2000w" sizes="auto, (max-width: 1024px) 100vw, 1024px" /></figure>

<p>Wir sind eine katholische Ordensgemeinschaft, die seit dem 19. Jahrhundert eng mit dem Calvarienberg in Ahrweiler verbunden ist. Unsere Schwestern widmeten sich besonders der Bildung, Erziehung und Begleitung junger Menschen und gründeten von Ahrweiler aus weitere Niederlassungen, unter anderem in &hellip; <a href="https://ursulinenkongregation.de/?page_id=2">Weiterlesen <span class="meta-nav">&rarr;</span></a></p>
